[INFO] cloning repository https://github.com/pmarcelll/havlak-rs
[INFO] running `Command { std: "git" "-c" "credential.helper=" "-c" "credential.helper=/workspace/cargo-home/bin/git-credential-null" "clone" "--bare" "https://github.com/pmarcelll/havlak-rs" "/workspace/cache/git-repos/https%3A%2F%2Fgithub.com%2Fpmarcelll%2Fhavlak-rs", kill_on_drop: false }`
[INFO] [stderr] Cloning into bare repository '/workspace/cache/git-repos/https%3A%2F%2Fgithub.com%2Fpmarcelll%2Fhavlak-rs'...
[INFO] running `Command { std: "git" "rev-parse" "HEAD", kill_on_drop: false }`
[INFO] [stdout] 8b91943907597aa2f9205739b663dd390230e39b
[INFO] checking pmarcelll/havlak-rs against try#72f88fc4e9458f89516a0b8b0868f3718aec5b47 for pr-74989
[INFO] running `Command { std: "git" "clone" "/workspace/cache/git-repos/https%3A%2F%2Fgithub.com%2Fpmarcelll%2Fhavlak-rs" "/workspace/builds/worker-3/source", kill_on_drop: false }`
[INFO] [stderr] Cloning into '/workspace/builds/worker-3/source'...
[INFO] [stderr] done.
[INFO] validating manifest of git repo https://github.com/pmarcelll/havlak-rs on toolchain 72f88fc4e9458f89516a0b8b0868f3718aec5b47
[INFO] running `Command { std: "/workspace/cargo-home/bin/cargo" "+72f88fc4e9458f89516a0b8b0868f3718aec5b47" "read-manifest" "--manifest-path" "Cargo.toml", kill_on_drop: false }`
[INFO] started tweaking git repo https://github.com/pmarcelll/havlak-rs
[INFO] finished tweaking git repo https://github.com/pmarcelll/havlak-rs
[INFO] tweaked toml for git repo https://github.com/pmarcelll/havlak-rs written to /workspace/builds/worker-3/source/Cargo.toml
[INFO] crate git repo https://github.com/pmarcelll/havlak-rs already has a lockfile, it will not be regenerated
[INFO] running `Command { std: "/workspace/cargo-home/bin/cargo" "+72f88fc4e9458f89516a0b8b0868f3718aec5b47" "fetch" "--locked" "--manifest-path" "Cargo.toml", kill_on_drop: false }`
[INFO] [stderr] error: the lock file /workspace/builds/worker-3/source/Cargo.lock needs to be updated but --locked was passed to prevent this
[INFO] [stderr] If you want to try to generate the lock file without accessing the network, use the --offline flag.
[INFO] the lockfile is outdated, regenerating it
[INFO] running `Command { std: "/workspace/cargo-home/bin/cargo" "+72f88fc4e9458f89516a0b8b0868f3718aec5b47" "generate-lockfile" "--manifest-path" "Cargo.toml" "-Zno-index-update", kill_on_drop: false }`
[INFO] running `Command { std: "/workspace/cargo-home/bin/cargo" "+72f88fc4e9458f89516a0b8b0868f3718aec5b47" "fetch" "--locked" "--manifest-path" "Cargo.toml", kill_on_drop: false }`
[INFO] running `Command { std: "docker" "create" "-v" "/var/lib/crater-agent-workspace/builds/worker-3/target:/opt/rustwide/target:rw,Z" "-v" "/var/lib/crater-agent-workspace/builds/worker-3/source:/opt/rustwide/workdir:ro,Z" "-v" "/var/lib/crater-agent-workspace/cargo-home:/opt/rustwide/cargo-home:ro,Z" "-v" "/var/lib/crater-agent-workspace/rustup-home:/opt/rustwide/rustup-home:ro,Z" "-e" "SOURCE_DIR=/opt/rustwide/workdir" "-e" "CARGO_TARGET_DIR=/opt/rustwide/target" "-e" "CARGO_HOME=/opt/rustwide/cargo-home" "-e" "RUSTUP_HOME=/opt/rustwide/rustup-home" "-w" "/opt/rustwide/workdir" "-m" "1610612736" "--user" "0:0" "--network" "none" "rustops/crates-build-env@sha256:d92eaeed33fa75130ca1ee6c8a01d1ffb62bac859dfdfb3450e3e5d1c0146529" "/opt/rustwide/cargo-home/bin/cargo" "+72f88fc4e9458f89516a0b8b0868f3718aec5b47" "metadata" "--no-deps" "--format-version=1", kill_on_drop: false }`
[INFO] [stdout] 93db6ea103a9648465be9f1a097b2bddadf566fdf6c25e38908cb1eeb3dc94f5
[INFO] [stderr] WARNING: Your kernel does not support swap limit capabilities or the cgroup is not mounted. Memory limited without swap.
[INFO] running `Command { std: "docker" "start" "-a" "93db6ea103a9648465be9f1a097b2bddadf566fdf6c25e38908cb1eeb3dc94f5", kill_on_drop: false }`
[INFO] running `Command { std: "docker" "inspect" "93db6ea103a9648465be9f1a097b2bddadf566fdf6c25e38908cb1eeb3dc94f5", kill_on_drop: false }`
[INFO] running `Command { std: "docker" "rm" "-f" "93db6ea103a9648465be9f1a097b2bddadf566fdf6c25e38908cb1eeb3dc94f5", kill_on_drop: false }`
[INFO] [stdout] 93db6ea103a9648465be9f1a097b2bddadf566fdf6c25e38908cb1eeb3dc94f5
[INFO] running `Command { std: "docker" "create" "-v" "/var/lib/crater-agent-workspace/builds/worker-3/target:/opt/rustwide/target:rw,Z" "-v" "/var/lib/crater-agent-workspace/builds/worker-3/source:/opt/rustwide/workdir:ro,Z" "-v" "/var/lib/crater-agent-workspace/cargo-home:/opt/rustwide/cargo-home:ro,Z" "-v" "/var/lib/crater-agent-workspace/rustup-home:/opt/rustwide/rustup-home:ro,Z" "-e" "SOURCE_DIR=/opt/rustwide/workdir" "-e" "CARGO_TARGET_DIR=/opt/rustwide/target" "-e" "CARGO_INCREMENTAL=0" "-e" "RUST_BACKTRACE=full" "-e" "RUSTFLAGS=--cap-lints=forbid" "-e" "CARGO_HOME=/opt/rustwide/cargo-home" "-e" "RUSTUP_HOME=/opt/rustwide/rustup-home" "-w" "/opt/rustwide/workdir" "-m" "1610612736" "--user" "0:0" "--network" "none" "rustops/crates-build-env@sha256:d92eaeed33fa75130ca1ee6c8a01d1ffb62bac859dfdfb3450e3e5d1c0146529" "/opt/rustwide/cargo-home/bin/cargo" "+72f88fc4e9458f89516a0b8b0868f3718aec5b47" "check" "--frozen" "--all" "--all-targets" "--message-format=json", kill_on_drop: false }`
[INFO] [stdout] 6f13e5ea951d8e5d5fdafbfe142df02626806412ac1519e09602e2133099747e
[INFO] [stderr] WARNING: Your kernel does not support swap limit capabilities or the cgroup is not mounted. Memory limited without swap.
[INFO] running `Command { std: "docker" "start" "-a" "6f13e5ea951d8e5d5fdafbfe142df02626806412ac1519e09602e2133099747e", kill_on_drop: false }`
[INFO] [stderr]     Checking typed-arena v1.7.0
[INFO] [stderr]     Checking havlak v0.1.0 (/opt/rustwide/workdir)
[INFO] [stdout] warning: type annotations needed
[INFO] [stdout]   --> src/main.rs:41:33
[INFO] [stdout]    |
[INFO] [stdout] 41 |         Some((self as *const _).cmp(&(other as *const _)))
[INFO] [stdout]    |                                 ^^^
[INFO] [stdout]    |
[INFO] [stdout]    = note: `#[warn(tyvar_behind_raw_pointer)]` on by default
[INFO] [stdout]    = warning: this was previously accepted by the compiler but is being phased out; it will become a hard error in the 2018 edition!
[INFO] [stdout]    = note: for more information, see issue #46906 <https://github.com/rust-lang/rust/issues/46906>
[INFO] [stdout] 
[INFO] [stdout] 
[INFO] [stdout] error[E0478]: lifetime bound not satisfied
[INFO] [stdout]    --> src/main.rs:325:27
[INFO] [stdout]     |
[INFO] [stdout] 325 |                 last_id = Self::dfs(target, nodes, number, last, last_id + 1);
[INFO] [stdout]     |                           ^^^^^^^^^
[INFO] [stdout]     |
[INFO] [stdout] note: lifetime parameter instantiated with the lifetime `'b` as defined on the impl at 300:10
[INFO] [stdout]    --> src/main.rs:300:10
[INFO] [stdout]     |
[INFO] [stdout] 300 | impl<'a, 'b, 'c> HavlakLoopFinder<'a, 'b, 'c>  {
[INFO] [stdout]     |          ^^
[INFO] [stdout] note: but lifetime parameter must outlive the lifetime `'a` as defined on the impl at 300:6
[INFO] [stdout]    --> src/main.rs:300:6
[INFO] [stdout]     |
[INFO] [stdout] 300 | impl<'a, 'b, 'c> HavlakLoopFinder<'a, 'b, 'c>  {
[INFO] [stdout]     |      ^^
[INFO] [stdout] 
[INFO] [stdout] 
[INFO] [stdout] error[E0478]: lifetime bound not satisfied
[INFO] [stdout]    --> src/main.rs:325:27
[INFO] [stdout]     |
[INFO] [stdout] 325 |                 last_id = Self::dfs(target, nodes, number, last, last_id + 1);
[INFO] [stdout]     |                           ^^^^^^^^^
[INFO] [stdout]     |
[INFO] [stdout] note: lifetime parameter instantiated with the lifetime `'a` as defined on the impl at 300:6
[INFO] [stdout]    --> src/main.rs:300:6
[INFO] [stdout]     |
[INFO] [stdout] 300 | impl<'a, 'b, 'c> HavlakLoopFinder<'a, 'b, 'c>  {
[INFO] [stdout]     |      ^^
[INFO] [stdout] note: but lifetime parameter must outlive the lifetime `'c` as defined on the impl at 300:14
[INFO] [stdout]    --> src/main.rs:300:14
[INFO] [stdout]     |
[INFO] [stdout] 300 | impl<'a, 'b, 'c> HavlakLoopFinder<'a, 'b, 'c>  {
[INFO] [stdout]     |              ^^
[INFO] [stdout] 
[INFO] [stdout] 
[INFO] [stdout] error[E0478]: lifetime bound not satisfied
[INFO] [stdout]    --> src/main.rs:325:27
[INFO] [stdout]     |
[INFO] [stdout] 325 |                 last_id = Self::dfs(target, nodes, number, last, last_id + 1);
[INFO] [stdout]     |                           ^^^^^^^^^
[INFO] [stdout]     |
[INFO] [stdout] note: lifetime parameter instantiated with the lifetime `'b` as defined on the impl at 300:10
[INFO] [stdout]    --> src/main.rs:300:10
[INFO] [stdout]     |
[INFO] [stdout] 300 | impl<'a, 'b, 'c> HavlakLoopFinder<'a, 'b, 'c>  {
[INFO] [stdout]     |          ^^
[INFO] [stdout] note: but lifetime parameter must outlive the lifetime `'c` as defined on the impl at 300:14
[INFO] [stdout]    --> src/main.rs:300:14
[INFO] [stdout]     |
[INFO] [stdout] 300 | impl<'a, 'b, 'c> HavlakLoopFinder<'a, 'b, 'c>  {
[INFO] [stdout]     |              ^^
[INFO] [stdout] 
[INFO] [stdout] 
[INFO] [stdout] warning: type annotations needed
[INFO] [stdout]   --> src/main.rs:41:33
[INFO] [stdout]    |
[INFO] [stdout] 41 |         Some((self as *const _).cmp(&(other as *const _)))
[INFO] [stdout]    |                                 ^^^
[INFO] [stdout]    |
[INFO] [stdout]    = note: `#[warn(tyvar_behind_raw_pointer)]` on by default
[INFO] [stdout]    = warning: this was previously accepted by the compiler but is being phased out; it will become a hard error in the 2018 edition!
[INFO] [stdout]    = note: for more information, see issue #46906 <https://github.com/rust-lang/rust/issues/46906>
[INFO] [stdout] 
[INFO] [stdout] 
[INFO] [stdout] error[E0478]: lifetime bound not satisfied
[INFO] [stdout]    --> src/main.rs:325:27
[INFO] [stdout]     |
[INFO] [stdout] 325 |                 last_id = Self::dfs(target, nodes, number, last, last_id + 1);
[INFO] [stdout]     |                           ^^^^^^^^^
[INFO] [stdout]     |
[INFO] [stdout] note: lifetime parameter instantiated with the lifetime `'b` as defined on the impl at 300:10
[INFO] [stdout]    --> src/main.rs:300:10
[INFO] [stdout]     |
[INFO] [stdout] 300 | impl<'a, 'b, 'c> HavlakLoopFinder<'a, 'b, 'c>  {
[INFO] [stdout]     |          ^^
[INFO] [stdout] note: but lifetime parameter must outlive the lifetime `'a` as defined on the impl at 300:6
[INFO] [stdout]    --> src/main.rs:300:6
[INFO] [stdout]     |
[INFO] [stdout] 300 | impl<'a, 'b, 'c> HavlakLoopFinder<'a, 'b, 'c>  {
[INFO] [stdout]     |      ^^
[INFO] [stdout] 
[INFO] [stdout] 
[INFO] [stdout] error: aborting due to 3 previous errors; 1 warning emitted
[INFO] [stdout] 
[INFO] [stdout] 
[INFO] [stdout] For more information about this error, try `rustc --explain E0478`.
[INFO] [stdout] 
[INFO] [stdout] error[E0478]: lifetime bound not satisfied
[INFO] [stdout]    --> src/main.rs:325:27
[INFO] [stdout]     |
[INFO] [stdout] 325 |                 last_id = Self::dfs(target, nodes, number, last, last_id + 1);
[INFO] [stdout]     |                           ^^^^^^^^^
[INFO] [stdout]     |
[INFO] [stdout] note: lifetime parameter instantiated with the lifetime `'a` as defined on the impl at 300:6
[INFO] [stdout]    --> src/main.rs:300:6
[INFO] [stdout]     |
[INFO] [stdout] 300 | impl<'a, 'b, 'c> HavlakLoopFinder<'a, 'b, 'c>  {
[INFO] [stdout]     |      ^^
[INFO] [stdout] note: but lifetime parameter must outlive the lifetime `'c` as defined on the impl at 300:14
[INFO] [stdout]    --> src/main.rs:300:14
[INFO] [stdout]     |
[INFO] [stdout] 300 | impl<'a, 'b, 'c> HavlakLoopFinder<'a, 'b, 'c>  {
[INFO] [stdout]     |              ^^
[INFO] [stdout] 
[INFO] [stdout] 
[INFO] [stdout] error[E0478]: lifetime bound not satisfied
[INFO] [stdout]    --> src/main.rs:325:27
[INFO] [stdout]     |
[INFO] [stdout] 325 |                 last_id = Self::dfs(target, nodes, number, last, last_id + 1);
[INFO] [stdout]     |                           ^^^^^^^^^
[INFO] [stdout]     |
[INFO] [stdout] note: lifetime parameter instantiated with the lifetime `'b` as defined on the impl at 300:10
[INFO] [stdout]    --> src/main.rs:300:10
[INFO] [stdout]     |
[INFO] [stdout] 300 | impl<'a, 'b, 'c> HavlakLoopFinder<'a, 'b, 'c>  {
[INFO] [stdout]     |          ^^
[INFO] [stdout] note: but lifetime parameter must outlive the lifetime `'c` as defined on the impl at 300:14
[INFO] [stdout]    --> src/main.rs:300:14
[INFO] [stdout]     |
[INFO] [stdout] 300 | impl<'a, 'b, 'c> HavlakLoopFinder<'a, 'b, 'c>  {
[INFO] [stdout]     |              ^^
[INFO] [stdout] 
[INFO] [stdout] 
[INFO] [stderr] error: could not compile `havlak`.
[INFO] [stderr] 
[INFO] [stderr] To learn more, run the command again with --verbose.
[INFO] [stderr] warning: build failed, waiting for other jobs to finish...
[INFO] [stdout] error: aborting due to 3 previous errors; 1 warning emitted
[INFO] [stdout] 
[INFO] [stdout] 
[INFO] [stdout] For more information about this error, try `rustc --explain E0478`.
[INFO] [stdout] 
[INFO] [stderr] error: build failed
[INFO] running `Command { std: "docker" "inspect" "6f13e5ea951d8e5d5fdafbfe142df02626806412ac1519e09602e2133099747e", kill_on_drop: false }`
[INFO] running `Command { std: "docker" "rm" "-f" "6f13e5ea951d8e5d5fdafbfe142df02626806412ac1519e09602e2133099747e", kill_on_drop: false }`
[INFO] [stdout] 6f13e5ea951d8e5d5fdafbfe142df02626806412ac1519e09602e2133099747e
